{"id":2824,"date":"2021-02-24T09:56:05","date_gmt":"2021-02-24T08:56:05","guid":{"rendered":"https:\/\/www.felicitas-werner-egerland-stiftung.de\/?page_id=2824"},"modified":"2026-04-02T11:19:35","modified_gmt":"2026-04-02T09:19:35","slug":"homepage-3-2","status":"publish","type":"page","link":"https:\/\/www.felicitas-werner-egerland-stiftung.de\/en\/","title":{"rendered":"Foundation"},"content":{"rendered":"[vc_row el_id=&#8221;philosophie&#8221;][vc_column width=&#8221;2\/3&#8243;][vc_column_text]\n<h2>The Felicitas und Werner Egerland Stiftung<\/h2>\n<p>Entrepreneur Felicitas Egerland established this Foundation in fulfilment of a purpose about which she and her husband had always been passionate: the support of young people in art, culture and science.<\/p>\n<p>The global orientation of their former company, Werner Egerland Automobillogistik, with its numerous contacts in other European countries, is the reason why the foundation focuses its attention throughout the whole of Europe.<\/p>\n<p>Since the death of Herr and Frau Egerland, the Board of Trustees and Advisory Committee of the Felicitas and Werner Egerland Foundation have continued the life work of the founder.[\/vc_column_text][vc_empty_space][vc_separator][vc_row_inner][vc_column_inner][vc_column_text]\n<h1 class=\"entry-title\">Funding philosophy<\/h1>\n[\/vc_column_text][vc_column_text]The Felicitas and Werner Egerland Foundation, with registered office in Osnabr\u00fcck (Germany \/ Lower Saxony), is committed to the implementation and promotion of youth work projects which arouse the interest of children and young people in artistic activity as well as cultural and scientific topics.<\/p>\n<p>The Foundation aims, in particular, to open up opportunities for children and young people who do not receive such stimulation and support at home, by granting them access to art, culture and science.<br \/>\nAs an internationally oriented body, we are especially keen to support and promote integration projects and projects of international relevance.<\/p>\n<p>We are particularly interested in projects which take an innovative approach, are of a sustainable nature, and can become independent and self-supporting after a start-up period financed by us.<br \/>\nThe individual responsibility of our Foundation is particularly relevant in this respect, therefore we generally only support projects on an exclusive basis. For this reason we normally refrain from becoming involved in ongoing projects with potential funding gaps.<\/p>\n<p>We place considerable importance on good media coverage of the projects which we promote.[\/vc_column_text][vc_empty_space][\/vc_column_inner][\/vc_row_inner][vc_row_inner el_id=&#8221;gremien&#8221;][vc_column_inner][vc_column_text]\n<h1 class=\"entry-title\">Committee<\/h1>\n[\/vc_column_text][vc_column_text]\n<h3>Board of Trustees<\/h3>\n<p>Dr. Marcus Fleige (Chairperson)<br \/>\nProf. Dr. Felix Osterheider (Deputy Chairperson)<\/p>\n<hr \/>\n<h3>Advisory Committee<\/h3>\n<p>Dr. Marc Janauschek (Chairperson)<br \/>\nJens Meier (Deputy Chairperson)<br \/>\nProf. Dr. Julia Schneewind-Landowsky[\/vc_column_text][\/vc_column_inner][\/vc_row_inner][\/vc_column][vc_column width=&#8221;1\/3&#8243; css=&#8221;.vc_custom_1520331682702{border-left-width: 1px !important;padding-left: 40px !important;border-left-color: #e0e0e0 !important;border-left-style: solid !important;}&#8221;][vc_custom_heading text=&#8221;FELICITAS EGERLAND&#8221; font_container=&#8221;tag:h4|text_align:left&#8221; use_theme_fonts=&#8221;yes&#8221;][vc_single_image image=&#8221;442&#8243; img_size=&#8221;200x300px&#8221;][vc_column_text el_class=&#8221;hide&#8221;]Felicitas Egerland f\u00fchrte mit der Stiftung das Werk ihres 1990 verstorbenen Mannes weiter. Um die F\u00f6rderung Jugendlicher in Europa langfristig zu optimieren, gr\u00fcndete die Unternehmerin 2003 in Osnabr\u00fcck die Werner Egerland Stiftung. Mit viel Engagement und sozialer Verantwortung widmete sie sich seither der Unterst\u00fctzung junger begabter Menschen aus ganz Europa. Ihr Gedanke lebt in der aktiven Arbeit der Stiftung weiter.[\/vc_column_text][vc_separator][vc_custom_heading text=&#8221;WERNER EGERLAND&#8221; font_container=&#8221;tag:h4|text_align:left&#8221; use_theme_fonts=&#8221;yes&#8221;][vc_single_image image=&#8221;432&#8243; img_size=&#8221;200x300px&#8221;][vc_column_text el_class=&#8221;hide&#8221;]Der Unternehmer Werner Egerland, begeisterter Sportler, 1947 Deutscher Meister im Radrennen und Eis-Schnelllaufen, hatte schon fr\u00fch mit der Jugendf\u00f6rderung in Berlin und sp\u00e4ter in Osnabr\u00fcck begonnen. Seine Frau Felicitas setzte diese F\u00f6rderung gezielt fort.[\/vc_column_text][vc_separator][vc_column_text]<a href=\"https:\/\/www.felicitas-werner-egerland-stiftung.de\/wp-content\/uploads\/2023\/11\/Egerland_Einleger_Magazin_A4_230928_ES_WEB.pdf\">Read more<\/a> about our work and philosophy![\/vc_column_text][\/vc_column][\/vc_row][vc_row][vc_column][\/vc_column][\/vc_row]\n","protected":false},"excerpt":{"rendered":"<p>[vc_row el_id=&#8221;philosophie&#8221;][vc_column width=&#8221;2\/3&#8243;][vc_column_text] The Felicitas und Werner Egerland Stiftung Entrepreneur Felicitas Egerland established this Foundation in fulfilment of a purpose about which she and her husband had always been passionate: the support of young people in art, culture and science. The global orientation of their former company, Werner Egerland Automobillogistik, with its numerous contacts in other European countries, is the reason why the foundation focuses its attention throughout the whole of Europe. Since the death of Herr and Frau Egerland, the Board of Trustees and Advisory Committee of the Felicitas and Werner Egerland Foundation have continued the life work of<\/p>\n","protected":false},"author":1,"featured_media":0,"parent":0,"menu_order":0,"comment_status":"closed","ping_status":"closed","template":"","meta":[],"_links":{"self":[{"href":"https:\/\/www.felicitas-werner-egerland-stiftung.de\/en\/wp-json\/wp\/v2\/pages\/2824"}],"collection":[{"href":"https:\/\/www.felicitas-werner-egerland-stiftung.de\/en\/wp-json\/wp\/v2\/pages"}],"about":[{"href":"https:\/\/www.felicitas-werner-egerland-stiftung.de\/en\/wp-json\/wp\/v2\/types\/page"}],"author":[{"embeddable":true,"href":"https:\/\/www.felicitas-werner-egerland-stiftung.de\/en\/wp-json\/wp\/v2\/users\/1"}],"replies":[{"embeddable":true,"href":"https:\/\/www.felicitas-werner-egerland-stiftung.de\/en\/wp-json\/wp\/v2\/comments?post=2824"}],"version-history":[{"count":9,"href":"https:\/\/www.felicitas-werner-egerland-stiftung.de\/en\/wp-json\/wp\/v2\/pages\/2824\/revisions"}],"predecessor-version":[{"id":5552,"href":"https:\/\/www.felicitas-werner-egerland-stiftung.de\/en\/wp-json\/wp\/v2\/pages\/2824\/revisions\/5552"}],"wp:attachment":[{"href":"https:\/\/www.felicitas-werner-egerland-stiftung.de\/en\/wp-json\/wp\/v2\/media?parent=2824"}],"curies":[{"name":"wp","href":"https:\/\/api.w.org\/{rel}","templated":true}]}}

[vc_row el_id=&#8221;philosophie&#8221;][vc_column width=&#8221;2/3&#8243;][vc_column_text]
<h2>The Felicitas und Werner Egerland Stiftung</h2>
<p>Entrepreneur Felicitas Egerland established this Foundation in fulfilment of a purpose about which she and her husband had always been passionate: the support of young people in art, culture and science.</p>
<p>The global orientation of their former company, Werner Egerland Automobillogistik, with its numerous contacts in other European countries, is the reason why the foundation focuses its attention throughout the whole of Europe.</p>
<p>Since the death of Herr and Frau Egerland, the Board of Trustees and Advisory Committee of the Felicitas and Werner Egerland Foundation have continued the life work of the founder.[/vc_column_text][vc_empty_space][vc_separator][vc_row_inner][vc_column_inner][vc_column_text]
<h1 class="entry-title">Funding philosophy</h1>
[/vc_column_text][vc_column_text]The Felicitas and Werner Egerland Foundation, with registered office in Osnabrück (Germany / Lower Saxony), is committed to the implementation and promotion of youth work projects which arouse the interest of children and young people in artistic activity as well as cultural and scientific topics.</p>
<p>The Foundation aims, in particular, to open up opportunities for children and young people who do not receive such stimulation and support at home, by granting them access to art, culture and science.<br />
As an internationally oriented body, we are especially keen to support and promote integration projects and projects of international relevance.</p>
<p>We are particularly interested in projects which take an innovative approach, are of a sustainable nature, and can become independent and self-supporting after a start-up period financed by us.<br />
The individual responsibility of our Foundation is particularly relevant in this respect, therefore we generally only support projects on an exclusive basis. For this reason we normally refrain from becoming involved in ongoing projects with potential funding gaps.</p>
<p>We place considerable importance on good media coverage of the projects which we promote.[/vc_column_text][vc_empty_space][/vc_column_inner][/vc_row_inner][vc_row_inner el_id=&#8221;gremien&#8221;][vc_column_inner][vc_column_text]
<h1 class="entry-title">Committee</h1>
[/vc_column_text][vc_column_text]
<h3>Board of Trustees</h3>
<p>Dr. Marcus Fleige (Chairperson)<br />
Prof. Dr. Felix Osterheider (Deputy Chairperson)</p>
<hr />
<h3>Advisory Committee</h3>
<p>Dr. Marc Janauschek (Chairperson)<br />
Jens Meier (Deputy Chairperson)<br />
Prof. Dr. Julia Schneewind-Landowsky[/vc_column_text][/vc_column_inner][/vc_row_inner][/vc_column][vc_column width=&#8221;1/3&#8243; css=&#8221;.vc_custom_1520331682702{border-left-width: 1px !important;padding-left: 40px !important;border-left-color: #e0e0e0 !important;border-left-style: solid !important;}&#8221;][vc_custom_heading text=&#8221;FELICITAS EGERLAND&#8221; font_container=&#8221;tag:h4|text_align:left&#8221; use_theme_fonts=&#8221;yes&#8221;][vc_single_image image=&#8221;442&#8243; img_size=&#8221;200x300px&#8221;][vc_column_text el_class=&#8221;hide&#8221;]Felicitas Egerland führte mit der Stiftung das Werk ihres 1990 verstorbenen Mannes weiter. Um die Förderung Jugendlicher in Europa langfristig zu optimieren, gründete die Unternehmerin 2003 in Osnabrück die Werner Egerland Stiftung. Mit viel Engagement und sozialer Verantwortung widmete sie sich seither der Unterstützung junger begabter Menschen aus ganz Europa. Ihr Gedanke lebt in der aktiven Arbeit der Stiftung weiter.[/vc_column_text][vc_separator][vc_custom_heading text=&#8221;WERNER EGERLAND&#8221; font_container=&#8221;tag:h4|text_align:left&#8221; use_theme_fonts=&#8221;yes&#8221;][vc_single_image image=&#8221;432&#8243; img_size=&#8221;200x300px&#8221;][vc_column_text el_class=&#8221;hide&#8221;]Der Unternehmer Werner Egerland, begeisterter Sportler, 1947 Deutscher Meister im Radrennen und Eis-Schnelllaufen, hatte schon früh mit der Jugendförderung in Berlin und später in Osnabrück begonnen. Seine Frau Felicitas setzte diese Förderung gezielt fort.[/vc_column_text][vc_separator][vc_column_text]<a href="https://www.felicitas-werner-egerland-stiftung.de/wp-content/uploads/2023/11/Egerland_Einleger_Magazin_A4_230928_ES_WEB.pdf">Read more</a> about our work and philosophy![/vc_column_text][/vc_column][/vc_row][vc_row][vc_column][/vc_column][/vc_row]
